ommon factor of 8714723 and 46.
23
What is the highest common factor of 299490 and 45?
15
Calculate the highest common factor of 10495 and 47615.
5
Calculate the greatest common factor of 82291200 and 30.
30
Calculate the highest common divisor of 109463871 and 32856.
4107
Calculate the greatest common factor of 1570494 and 2403.
267
Calculate the highest common divisor of 2866043 and 133517.
1829
Calculate the greatest common factor of 6261804 and 30331.
619
What is the greatest common factor of 6056 and 65748478?
1514
What is the highest common factor of 15494 and 26647394?
254
What is the highest common factor of 2358 and 16410?
6
What is the highest common factor of 246 and 231110850?
246
What is the highest common factor of 4448 and 218312288?
4448
What is the highest common factor of 311406 and 262718?
34
What is the highest common factor of 25272209 and 10525?
421
What is the highest common factor of 3475 and 699275?
25
What is the highest common factor of 68029731 and 89?
89
What is the greatest common factor of 1861 and 174546912?
1861
Calculate the greatest common factor of 5408 and 4514432.
416
Calculate the greatest common factor of 184 and 24716099.
23
Calculate the highest common factor of 488400 and 23125.
925
What is the greatest common divisor of 82192660 and 258500?
10340
Calculate the highest common factor of 85856656 and 181009.
5839
Calculate the highest common divisor of 9810 and 33301026.
1962
Calculate the greatest common factor of 759 and 1745634.
33
Calculate the highest common divisor of 2658730816 and 2576.
2576
What is the greatest common divisor of 781010 and 1280?
10
What is the greatest common divisor of 383327 and 203252?
49
What is the highest common divisor of 1638 and 13793962?
182
What is the greatest common divisor of 2314 and 202250542?
2314
Calculate the highest common divisor of 14240542 and 322.
46
Calculate the highest common factor of 220300 and 244900.
100
Calculate the highest common factor of 33 and 3773473.
11
Calculate the highest common factor of 4636 and 118313.
19
Calculate the greatest common factor of 3913 and 8279607.
301
What is the greatest common divisor of 556432149 and 3497?
3497
Calculate the greatest common divisor of 16296820 and 640.
20
Calculate the highest common factor of 681 and 40611.
3
What is the highest common factor of 67773 and 95352?
87
What is the greatest common divisor of 793875 and 61237125?
10875
Calculate the highest common divisor of 53618 and 11452934.
646
Calculate the highest common divisor of 9414 and 47412.
18
Calculate the highest common factor of 6490826 and 444161.
821
What is the greatest common divisor of 64800 and 32624?
16
Calculate the greatest common divisor of 12716685 and 14712.
1839
What is the greatest common divisor of 2444 and 43052?
188
Calculate the highest common factor of 18 and 1849233.
3
Calculate the highest common divisor of 109417068 and 7065.
1413
Calculate the greatest common factor of 90570 and 13290.
30
Calculate the highest common factor of 676351 and 13.
13
Calculate the highest common factor of 7525 and 1263850.
175
What is the greatest common divisor of 255 and 1426994535?
255
Calculate the greatest common divisor of 1740089 and 377.
13
What is the highest common factor of 17621 and 8138009?
263
Calculate the greatest common divisor of 43 and 111612391.
43
What is the greatest common factor of 3927 and 3446751?
231
What is the greatest common divisor of 466638545 and 8770?
4385
What is the greatest common factor of 54756525 and 225?
75
Calculate the highest common divisor of 7703529 and 76005.
1689
What is the highest common factor of 2256492 and 4914?
42
What is the highest common divisor of 4488469 and 1075?
43
Calculate the highest common divisor of 3016 and 73408400.
104
Calculate the highest common factor of 20420625 and 4500.
375
Calculate the greatest common factor of 29124575 and 1965.
655
Calculate the greatest common factor of 1716 and 4245813.
429
What is the highest common factor of 20 and 65306630?
10
Calculate the highest common factor of 1258528 and 6208112.
9392
Calculate the highest common factor of 966744798 and 2364.
1182
What is the highest common factor of 195 and 428454?
39
Calculate the greatest common factor of 426 and 1282189.
71
Calculate the highest common divisor of 181760 and 11328.
64
Calculate the highest common divisor of 103165 and 39874370.
2195
Calculate the greatest common divisor of 259515 and 466890.
1185
Calculate the greatest common divisor of 46524 and 183156.
12
Calculate the greatest common factor of 974330 and 371070.
2170
Calculate the highest common factor of 425 and 388625.
25
Calculate the greatest common divisor of 76006 and 17436524.
1246
What is the greatest common divisor of 283475 and 3338335?
3335
What is the greatest common factor of 7105912 and 176?
88
What is the greatest common factor of 504 and 12191382?
126
What is the highest common divisor of 18841572 and 6084?
36
Calculate the highest common factor of 9724914 and 292.
146
What is the highest common divisor of 860 and 756860?
20
What is the highest common divisor of 60214 and 1942787?
1771
Calculate the greatest common factor of 4176 and 34790544.
144
What is the greatest common factor of 816160 and 4000?
160
Calculate the highest common divisor of 316869775 and 1325.
1325
What is the greatest common divisor of 126424924 and 1034?
94
What is the greatest common divisor of 238 and 96747?
119
What is the highest common factor of 57725 and 97250?
25
Calculate the highest common divisor of 8610 and 2823891.
21
What is the greatest common factor of 63031007 and 377?
377
Calculate the highest common divisor of 106967 and 30150239.
2891
Calculate the greatest common factor of 1311 and 1004732.
23
What is the greatest common divisor of 1282593 and 32097?
39
What is the greatest common factor of 26325512 and 8?
8
What is the greatest common divisor of 66739638 and 37?
37
What is the greatest common divisor of 497889 and 11466?
441
What is the highest common factor of 16432 and 453479?
13
Calculate the greatest common divisor of 28115747 and 68101.
1661
What is the greatest common factor of 26964 and 120654?
18
Calculate the greatest common factor of 109345199 and 3628.
907
Calculate the greatest common divisor of 26964655 and 501.
167
Calculate the highest common divisor of 4477 and 218768.
121
Calculate the greatest common divisor of 13763450 and 4450.
50
Calculate the greatest common divisor of 184 and 41329114.
46
Calculate the highest common divisor of 36065496 and 14178.
834
What is the highest common divisor of 1207 and 7072381?
71
What is the greatest common divisor of 550395 and 12879?
243
Calculate the highest common divisor of 4773457 and 104.
13
Calculate the greatest common divisor of 211380 and 406380.
780
Calculate the greatest common factor of 3597 and 533337.
327
What is the highest common factor of 8996 and 3063775?
13
What is the greatest common factor of 3150 and 1004130225?
1575
What is the greatest common factor of 12030700 and 6600?
1100
Calculate the highest common divisor of 746670 and 1320.
30
What is the greatest common divisor of 1057 and 3475567?
151
What is the highest common factor of 153 and 6139566?
9
Calculate the greatest common divisor of 590 and 1115815670.
590
Calculate the highest common factor of 567 and 8758386.
63
What is the highest common factor of 200151 and 6615?
189
What is the greatest common factor of 12956 and 53304144?
316
Calculate the greatest common factor of 21507 and 39195.
201
What is the greatest common factor of 312 and 18197322?
78
What is the greatest common factor of 11515 and 152774111?
2303
Calculate the highest common divisor of 26865243 and 108.
27
What is the highest common factor of 10959 and 27126897?
843
What is the greatest common divisor of 2175354 and 510?
102
Calculate the greatest common divisor of 1093482 and 780391.
4673
What is the highest common factor of 18 and 133718307?
3
What is the highest common divisor of 104174412 and 708?
708
What is the greatest common factor of 83607 and 4582?
29
Calculate the highest common divisor of 108 and 391898385.
27
What is the greatest common factor of 625419 and 360?
9
Calculate the greatest common divisor